(-9). What are the prime factors of 35/f*b/35?
2, 7, 11
Let l be (3012/15)/((-2)/(-5)). Let u = -266 + l. What are the prime factors of u?
2, 59
Suppose -96*w - 6 = -97*w. What are the prime factors of (189/w)/(18/408)?
2, 3, 7, 17
Let h be 4/(-22) - 276/(-66). Suppose -3*l = -h*d + 802, -4*d + 3*d - 4*l + 210 = 0. Let s = 298 - d. What are the prime factors of s?
2, 3
Suppose 5*o - 1694 = 2*o - 4*s, 3*o + s - 1679 = 0. Let a = o - 323. List the prime factors of a.
5, 47
Suppose -u = -3*n + 11, 3*u = -n - 0*n + 7. Suppose 5*s - 5*i = 3*s + 25, -n*s = -i - 59. Suppose s = -5*a + 460. List the prime factors of a.
89
Suppose -13149 = -6*d + p, -d + 5*p + 2961 = 755. List the prime factors of d.
7, 313
Let t(s) = 4*s**2 + 60*s + 7. Let r be t(-15). Suppose -r*m + 1771 = 16*m. What are the prime factors of m?
7, 11
Let x = 349 + -337. Suppose -51*b + 24804 = -x*b. What are the prime factors of b?
2, 3, 53
Suppose -198*j + 834015 = -159*j. What are the prime factors of j?
5, 7, 13, 47
Suppose 2*n = o + 1, -20 = -5*o - 5. Suppose -4*x + 1066 + 783 = 3*l, -2*l + n*x + 1256 = 0. What are the prime factors of l?
7, 89
What are the prime factors of (-259044)/(-28) + 177/413?
2, 3, 257
Let t = 83 - 83. Let j(a) = 7*a**2 + 554. List the prime factors of j(t).
2, 277
Suppose 2*w - 34688 = -5*z, 8*z = 5*z - 6. What are the prime factors of w?
3, 5783
Let x = 92 + -91. Suppose 0 = -v - x, 0 = 4*p - 5*v - 449. Suppose 4*r + 16 = 5*c - 172, -3*c + 3*r = -p. List the prime factors of c.
2, 5
Suppose 646 = 2*c + 650, -k = -5*c - 26224. What are the prime factors of k?
2, 3, 17, 257
Let k be (-87 - (5 - 4)) + 1 + 2. Let a = k + 81. Let g = 208 - a. What are the prime factors of g?
2, 53
Suppose z = -1, -32065 = -31*u + 30*u - z. List the prime factors of u.
2, 16033
Suppose -2*y = -4, 0*y = -d + 3*y - 6. Suppose 2*r + 10*r - 3732 = d. List the prime factors of r.
311
Let b(m) = m + 8. Let t be b(-8). Suppose 5*y = 15, -4*r - r + y + 52 = t. Suppose -a + 104 + r = 0. What are the prime factors of a?
5, 23
Suppose 0 = -15*i + 37790 - 1520. List the prime factors of i.
2, 3, 13, 31
Let r(j) = 11 + 0*j**2 + 4*j - 2*j - j**2. Let l be r(4). Suppose -25 = -l*q - 13. List the prime factors of q.
2
Suppose 2*b = -4*l - 70, -b - 108 = 2*b + 5*l. Let p = 45 + b. Suppose p*m - 6*m + 22 = 0. List the prime factors of m.
11
Suppose -2*n = 5*p - 683, 3*n - 3*p = -4*p + 992. Let s = n + -147. What are the prime factors of s?
2, 7, 13
Let q = 78654 + -54338. What are the prime factors of q?
2, 6079
Let d(u) = u**3 + 12*u**2 - 29*u - 8. Let n be d(-14). List the prime factors of (5/(10/n))/(6/1280).
2, 5
Suppose 58*s + 153*s = 2279855. What are the prime factors of s?
5, 2161
What are the prime factors of (389 - 1)/1*(38 - 37)*9?
2, 3, 97
Suppose 3*a - 5*i - 24648 = 0, -52*a - 3*i - 24636 = -55*a. What are the prime factors of a?
2, 11, 373
Let p be ((-12)/15)/((-10)/50). Let y(g) = 5*g - 12. Let u be y(p). Suppose 7*r + u = 8*r. What are the prime factors of r?
2
Suppose 79*c - 94*c + 45*c = 22680. What are the prime factors of c?
2, 3, 7
Let l = 41 + -39. Let z(k) = 163*k**2 + 2*k - 9*k**l - 2*k + 1. What are the prime factors of z(1)?
5, 31
Let c(t) = 75*t + 5562. What are the prime factors of c(58)?
2, 3, 7, 59
Let c(b) = -74 + 3*b**2 - b - 7*b - 2*b**2. What are the prime factors of c(-10)?
2, 53
Let z be (0 - 1/(-2)*43)*-4. Let f = -64 - z. List the prime factors of ((-83)/(-10)*-8)/(f/(-55)).
2, 83
Suppose -123*d + 119*d = -1928. Let u = d - 316. List the prime factors of u.
2, 83
Let z = 57032 - 32793. What are the prime factors of z?
24239
Let b = 12547 - 4836. List the prime factors of b.
11, 701
Suppose 1544 = 5*b + 3*m, -2*m - 915 = -0*b - 3*b. Suppose 4*j - 213 - b = 0. Suppose 5*h - s - j = -6*s, -3*s + 16 = h. What are the prime factors of h?
31
Suppose 0 = 5*d - 85 - 1900. Let j = d - 171. What are the prime factors of j?
2, 113
Let x = 15477 + -1364. List the prime factors of x.
11, 1283
Suppose -12 = 9*w - 12*w. Suppose -w*z = -3*z - 25. Let l = 3 + z. What are the prime factors of l?
2, 7
Let i = 28795 - 5790. What are the prime factors of i?
5, 43, 107
Suppose 0 = j + 4*o - 22, -29*o = 3*j - 30*o - 14. What are the prime factors of (68 + 0)*(11 - (-57)/j)?
2, 17, 41
Let q = -18 + 21. Let a be q/(6/10 - 0). Suppose -3*p + a = -7. What are the prime factors of p?
2
Let a(v) = 13*v**2 - 21*v - 8. Let k be a(-9). Let j be 4/(-10) - 3/(-30)*k. Let x = 221 - j. List the prime factors of x.
2, 7
Let v = -1656 + 1640. Let o(r) = -15*r - 79. Let f(j) = -8*j - 40. Let n(p) = -7*f(p) + 4*o(p). List the prime factors of n(v).
2, 7
Let v(j) = 9*j**2 + 68*j - 5739. List the prime factors of v(85).
2, 32533
Suppose 8 = 3*c - 5*c. Let i(k) = -2*k - 2. Let g be i(c). Let d(q) = 5*q - 17. List the prime factors of d(g).
13
Suppose z - 2*j = 3, -2*z - 9*j = -12*j - 6. List the prime factors of (4697/42 - z/6)*12.
2, 167
What are the prime factors of (-84)/(-13 + 1) + 18688?
5, 3739
Let z = -79453 - -138120. List the prime factors of z.
7, 17, 29
Let t(b) = 6*b**2 + 71*b + 78. What are the prime factors of t(-39)?
3, 5, 11, 13
Let o = 5618 + -3224. Let j = o - 1001. What are the prime factors of j?
7, 199
Let r(f) = -81*f - 10. Let w be r(-6). Let l = w + -337. Let q = l - 50. What are the prime factors of q?
89
Let y = -3518 - -5234. List the prime factors of y.
2, 3, 11, 13
Let i be -3*(-2 + 3 - 2 - 0). Suppose -i*a + 331 = 61. Suppose 2*t - a = -q + 120, 0 = 4*q - 8. What are the prime factors of t?
2, 13
Let h(p) = -p - 9. Let j be h(-11). Let y(u) = -14*u - 15 + 0 - j*u - u. What are the prime factors of y(-6)?
3, 29
Let d(y) = -y**2 + 21*y - 13. Let b be d(8). Suppose 95*j - b*j = 512. Let t = 356 - j. What are the prime factors of t?
2, 3, 19
Let w be (-2)/((14/(-4))/(-7)). Let m be 1007/3 + (56/21)/w. Let p = 532 - m. List the prime factors of p.
197
Let i(d) = 15*d - 5. Let v be i(-6). Let w = v - 204. List the prime factors of (2 + 0)/((-26)/w).
23
Let x be 0 - (0 + (-238 - -2)). Let z(f) = -18*f + 165. Let m be z(9). Suppose -4*w - 405 = -5*p, -m*p + w + 0*w = -x. List the prime factors of p.
7, 11
Suppose -5 - 1 = -3*z. Let i be (-6)/((-1)/4 + 136/672). Suppose z*h = -5*h + i. List the prime factors of h.
2, 3
Suppose 0 = -5*z - 3*a + 33837, -z - 1215 = 2*a - 7981. What are the prime factors of z?
2, 3, 47
Suppose 0 = -4*o + 20, -o + 52 = -3*b + 4*o. Suppose 160*j - 2416 = 14541 + 7043. Let t = j - b. What are the prime factors of t?
3, 53
Let c = 1885 - -5830. What are the prime factors of c?
5, 1543
Suppose -4 = -p - 17. Let w(j) = -4*j - 47. Let s be w(p). Suppose -s*g + 7*g = 210. List the prime factors of g.
3, 5, 7
Suppose 5*v = -3*p + 305 + 41, -v + 2*p + 77 = 0. Suppose v = -2*g - 3*b + 17, -5*b = -4*g - 86. What are the prime factors of (2*g)/(2/(-4))?
2, 3
Suppose 61 = -5*z + 5*i - 19, -3*i = -9. Let h be (z/(-39))/((-2)/(-3618)). Let c = h + -404. What are the prime factors of c?
199
Suppose 3*n = 4*y + 3624, 0 = -2*y - 4*n - 918 - 872. Let j = y - -1629. List the prime factors of j.
2, 3, 11
Let d = 53 + -30. Suppose 9 = p - 3*l, -l + 0*l + d = 4*p. List the prime factors of (3 - -102)*7/(35/p).
2, 3, 7
Let x(c) = -6*c + 144. Let v be x(24). Suppose v = -g - 5, -3*a + 2549 = -5*g - 842. What are the prime factors of a?
2, 3, 11, 17
Suppose -4*c + 5*f = -149, 5*c - 5*f - 80 = 105. Suppose 11116 = c*y - 8*y. What are the prime factors of y?
397
Suppose -3*z - a + 1495 = -6*a, -2*z + 1000 = -4*a. Suppose 4*d - z - 86 = 0. What are the prime factors of d?
2, 3
Suppose 16*p + 3*p + 266 = 0. Let c(i) = 9*i + 15*i**2 - 2*i - i**3 + 2*i**3 + 23. List the prime factors of c(p).
11
Let u(q) = q**2 - 20*q - 94. Let m be u(24). Suppose 5*n = r - 625, -n = -m*r - 6*n + 1205. What are the prime factors of r?
2, 5, 61
Let s(q) = 12 + 19 + 15 - 2 - 133*q + 26. List the prime factors of s(-2).
2, 3, 7
Suppose -126851 - 7330 = -17*j. List the prime factors of j.
3, 877
Let n = 115 - 120. List the prime factors of ((-96)/10)/(n/25).
2, 3
Let y = -13908 - -15362. What are the prime factors of y?
2, 727
Let p(h) = -139*h + 2966. List the prime factors of p(0).
2, 1483
Suppose s = 2*c - 7, 0 = -2*c - s + 8 + 1. Suppose -c*j + 20 = -2108. List the prime factors of j.
2, 7, 1